is divided by m?
12
Let n(k) = 9*k**3 + 2*k**2 - 2*k + 1. Let j = -6 + 13. Suppose o - 4*q = 0, o - q = -o + j. What is the remainder when n(1) is divided by o?
2
Let p = -7 - -11. Suppose p*u + 3*g = 17, u + 2*g + g = 2. Let c = u - 3. What is the remainder when c is divided by 1?
0
Suppose -3*b + 128 = 35. What is the remainder when b is divided by 11?
9
Suppose 0 = 4*b + 4*j - 20, 5*b + 2*j - 7 = 3*j. Suppose b*q - 84 + 24 = 0. What is the remainder when q is divided by (16/(-6))/((-5)/15)?
6
Let n(x) = -11*x**3 + x + 1. Let k be n(-1). Suppose -k + 51 = 5*j. Suppose -18*h = 43 - 313. Calculate the remainder when h is divided by j.
7
Let r(u) = -u**3 + 8*u**2 + u - 4. Let j be r(7). Suppose -5*o + j = -63. Let h = -7 - -15. Calculate the remainder when o is divided by h.
7
Let b(k) = -2*k - 4. Let h = -5 - -12. Calculate the remainder when h is divided by b(-4).
3
Let a = 29 - 14. What is the remainder when a is divided by (9/1)/(0 + 1)?
6
Let t be 18*-2*(-1)/6. Suppose -t*z + 3*z = -45. Let j(g) = 13*g**2 - 4*g - 3. What is the remainder when j(-2) is divided by z?
12
Suppose 0 = -2*t + 5*t - 99. Let k = t - 19. Suppose -34*f + 54 = -32*f. Calculate the remainder when f is divided by k.
13
Suppose 5*n - 1 = -3*z + 2, -z = -n - 1. Suppose 0*t - v + 24 = -5*t, 3*t + v + 8 = n. Let l = -3 - t. Calculate the remainder when 2 is divided by l.
0
Let b be (-12)/(-1 + 0)*-1. Calculate the remainder when (-2)/6 + b/(-9) is divided by 1.
0
Let c be (-1 + 0 + -1)*-1. What is the remainder when c*(10 - (3 + -3)) is divided by 7?
6
Suppose 4*k - f = 62, -2*f = -2*k - 5*f + 24. What is the remainder when 34 is divided by (8/10)/(1/k)?
10
Suppose -q + 28 + 11 = 0. Let i = 64 - q. What is the remainder when 47 is divided by i?
22
Suppose -24 - 70 = -2*r. What is the remainder when r is divided by 12?
11
Let z(j) = -4*j - 25. Let a = -12 - -19. Calculate the remainder when z(-9) is divided by a.
4
Suppose -t = 3*o - 10, -8*o + 14 = 3*t - 3*o. Let n be ((-2)/t)/((-6)/(-12)). What is the remainder when 47 is divided by 138/9 - n/(-3)?
15
Let j(p) = 5 - 5*p + p**2 + 0*p + 4. Suppose 0 = 2*u - 30 - 58. What is the remainder when u is divided by j(6)?
14
Let m be (-2 - 3/(-2))*-14. Let n = m - -1. Calculate the remainder when 22 is divided by n.
6
Let x be 0 + (0 - -9) + -2. Suppose s - 14 + x = 0. Suppose 0 = s*l - 4*l - 4*y - 65, 0 = 5*l - y - 80. What is the remainder when 43 is divided by l?
13
Suppose -104 = -3*c - c. What is the remainder when c is divided by (3/(-2))/(12/(-112))?
12
Suppose -5*q = z + 2*z - 130, 2*z = 2*q - 36. Let x = -2 + 2. Suppose 4*o - 16 = x, -2*c + 12 = c - 3*o. Calculate the remainder when q is divided by c.
7
Suppose -31 - 165 = -4*x. Calculate the remainder when x is divided by 11 - (-1 + 1 + -2).
10
Let z(y) = -2*y**3 - 4*y**2 - 5*y - 5. What is the remainder when 32 is divided by z(-2)?
2
Let r(y) = -y**3 + 5*y**2 - 4*y + 1. Let g be r(4). Let i = g - -2. Calculate the remainder when i is divided by 2.
1
Suppose -3*a - 20 = -7*a. Calculate the remainder when 8 is divided by a.
3
Suppose 127 = -5*o + 387. Let c = o - 32. Calculate the remainder when c is divided by 6.
2
What is the remainder when 62 is divided by 14*((-45)/(-6))/5?
20
Let y be (-14)/(-2)*(-6)/(-21). Suppose m + 27 = y*m. Calculate the remainder when m is divided by 14.
13
Suppose 3*v - 15 = 0, -5*b + 2*b - 4*v + 26 = 0. Suppose -b*p = -10, 2*d + 2*p + 272 = -d. Let k = d - -139. Calculate the remainder when k is divided by 12.
9
Let a(j) = 3*j**2 - 1 - 3*j**2 - 4*j**2 - 2*j. Let z be a(-1). What is the remainder when (-12)/(2/(8/z)) is divided by 9?
7
Let x = 33 - -6. What is the remainder when x is divided by 15?
9
Suppose 5*u - 34 = -b, -5*b - 2*u + 19 = -4*b. Let f be (-3)/(-1)*(-1300)/12. Calculate the remainder when ((-4)/5)/(10/f) is divided by b.
8
Suppose y - 2*k - k + 25 = 0, -3*y - 5*k = 75. Calculate the remainder when 1/(-2)*2 - y is divided by 13.
11
Suppose -3*h + 0*d + 33 = 5*d, -4*h - d + 61 = 0. Let r(b) = b**2 - 15*b - 11. Calculate the remainder when 13 is divided by r(h).
3
Let h = -71 + 116. Suppose 4*a - h = -6*q + q, -2*a - 75 = -5*q. What is the remainder when 49 is divided by q?
10
Let v(z) = -z**2 - 7*z + 6. Calculate the remainder when 77 is divided by v(-5).
13
Let r = -50 + 61. What is the remainder when 75 is divided by r?
9
Let k(a) = -a**3 - 3*a**2 - a + 4. What is the remainder when k(-3) is divided by 5?
2
Let h(k) = -3*k - 16. What is the remainder when 56 is divided by h(-15)?
27
Suppose 29 + 19 = 4*m. Let r(k) = k + 2. What is the remainder when r(m) is divided by 5?
4
Let r(d) be the first derivative of -d**3/3 - 2*d**2 + 3*d - 2. Let f be r(-4). Let w = f - 1. Calculate the remainder when w is divided by 2.
0
Let s(b) = -b**3 + 5*b**2 - 7*b + 6. Let h be s(4). Suppose -r = -2, 4*d + 0*d + 2*r = 24. Let k = d - h. What is the remainder when 20 is divided by k?
9
Let u = 38 + -17. Suppose -5*t + 40 = -115. Let p = t - u. What is the remainder when 28 is divided by p?
8
Suppose 5*a - 35 = -4*z, -1 - 10 = -2*a - z. Let v be (-1 - -2)*5 + 1. Calculate the remainder when (-2 - 1 - -1) + v is divided by a.
1
Let r(c) = c**2 - 1. Let y be r(1). Suppose y*w = -2*b + 4*w + 24, 4*w = -3*b - 4. What is the remainder when (3/((-6)/52))/(-2) is divided by b?
1
Let t = -6 + 10. Suppose 4*s - 16 = 3*z, t*s - s - 12 = 5*z. Calculate the remainder when s is divided by 115/35 + (-6)/21.
1
Let p(m) = 3*m + 62. Calculate the remainder when p(7) is divided by 14.
13
Suppose -5*y = -20, -5*d + y + 290 = -4*y. Suppose -5 = -2*w + 27. Calculate the remainder when d is divided by w.
14
Let x = 56 + -33. Let m = 2 - 3. Calculate the remainder when x is divided by (-4)/(-2) + 7 + m.
7
Let h = -56 - -11. Let w = 4 - h. What is the remainder when w is divided by 25?
24
Suppose 5*i = 5*q - 0*i + 275, 4*i + 140 = -2*q. Let x = q + 99. Calculate the remainder when x is divided by 14.
11
Suppose -m + 2 = -0. What is the remainder when 9 is divided by m?
1
Let v = 44 + -19. Calculate the remainder when (-6)/9*141/(-2) is divided by v.
22
Let o(r) = -r**3 + 8*r**2 + 9*r + 2. Let m be o(9). Let f be (-3)/m - (-42)/4. Suppose 5*t = 21 + f. What is the remainder when 10 is divided by t?
4
Let x = -55 - -74. Calculate the remainder when 34 is divided by x.
15
Suppose 0 = -5*m - q - 15, 0*m + 3*q = 3*m + 27. Let x be (m/(-14))/(1/7). Calculate the remainder when (x/2)/((-7)/(-203)) is divided by 8.
5
Let h(a) = a**2 - 5*a - 12. Let i = 20 - 11. What is the remainder when h(9) is divided by i?
6
Suppose 4*u + 54 = 2*l, -2*l = -u - 25 - 23. Let y(w) = -w**3 + 6*w**2 + 6*w + 7. Calculate the remainder when y(6) is divided by l.
20
Let s(q) = -14*q + 3. Calculate the remainder when s(-4) is divided by 15.
14
Let n(h) = -h - 3. Let b be n(-7). Suppose -b*g = 2*f - 48, 3*g + f - 46 = -3*f. Calculate the remainder when 16 is divided by g.
6
Suppose -2*y = 5*r - 3, -4*r + 7 = 2*y + 3. Suppose 3*d + d - 20 = 0. Suppose 41 = y*j + d. Calculate the remainder when 17 is divided by j.
8
Suppose 3*p = -2*d + 24, 0 = -p + 3*p - 2*d - 6. Let z = -13 - -15. What is the remainder when p is divided by z?
0
Let p = -77 - -108. What is the remainder when p is divided by 1*-1*(-12 - 5)?
14
What is the remainder when 3 + 37 + -4 + 2 is divided by 13?
12
Calculate the remainder when 5 is divided by -1 - (4 + 0 - 7).
1
Suppose 0 = q + 2*q - 384. What is the remainder when q is divided by 13?
11
Let h be (2/(-3))/(6/(-117)). What is the remainder when (0 - -1)*(h - 2) is divided by 7?
4
Suppose -5*q + 0*q = 60. What is the remainder when 7 is divided by q/(-8) - (-1)/2?
1
Let g be (0 - (3 - 29)) + 2. Suppose -f + g = -0*f. Suppose 5*z - 60 = z. What is the remainder when f is divided by z?
13
Suppose -36 = -3*o - 3. Let a = 1 - 1. Suppose -4*d + 34 + 46 = a. Calculate the remainder when d is divided by o.
9
Suppose -2*y + 2 = -2*u, 0*y + 18 = 3*y + 2*u. Suppose -y*c + 134 = 6*o - 4*o, -c - 5*o + 47 = 0. Calculate the remainder when c is divided by 11.
10
Let u = 21 + 77. Calculate the remainder when u is divided by 34.
30
Let w(d) = -6*d - 6. What is the remainder when w(-5) is divided by 13?
11
Let m(q) = q - 7. Let l be m(7). Suppose o = -l*o + 16. Suppose 32 = 2*g - o. Calculate 